he highest common factor of 4687 and 454203?
109
Calculate the highest common factor of 3210 and 71605470.
3210
Calculate the highest common factor of 34 and 10020701.
17
What is the greatest common divisor of 7617015 and 10?
5
Calculate the greatest common factor of 48544100 and 8800.
1100
What is the greatest common factor of 2419656 and 2952?
984
What is the greatest common factor of 7297026 and 1815?
363
What is the greatest common factor of 98136 and 18864?
72
Calculate the greatest common divisor of 46084775 and 43775.
2575
Calculate the highest common divisor of 4432 and 134224.
16
What is the highest common factor of 205 and 6717440?
205
Calculate the highest common factor of 168254 and 397.
1
Calculate the highest common divisor of 58482 and 4014.
18
Calculate the greatest common divisor of 2156 and 3697.
1
Calculate the highest common divisor of 287742 and 1820.
182
Calculate the greatest common factor of 9707 and 42415.
17
What is the highest common divisor of 6362838 and 9364?
4682
What is the highest common factor of 1274863 and 51499?
1051
Calculate the highest common divisor of 3436546 and 4324.
94
What is the greatest common factor of 3611 and 1302306?
23
What is the highest common factor of 2231 and 5421514?
23
What is the highest common divisor of 63248202 and 162?
162
Calculate the highest common factor of 90 and 333331350.
30
What is the highest common divisor of 1091553 and 12138?
867
Calculate the highest common divisor of 217 and 7091287.
7
What is the highest common factor of 16042786 and 24287?
163
What is the highest common factor of 425193426 and 3570?
714
Calculate the greatest common factor of 4614451 and 5858.
29
Calculate the greatest common divisor of 74810720 and 14720.
3680
What is the greatest common factor of 36 and 327521172?
12
Calculate the highest common factor of 5783940 and 945.
135
What is the highest common divisor of 20615 and 115192497?
4123
Calculate the greatest common factor of 4105 and 202715.
5
Calculate the greatest common divisor of 20214 and 1206.
18
What is the highest common divisor of 88 and 11942956?
4
Calculate the greatest common divisor of 1746 and 537786.
18
What is the highest common factor of 34572 and 7683756?
516
Calculate the greatest common divisor of 19163060 and 12390.
70
What is the highest common factor of 131456 and 592184?
632
Calculate the highest common factor of 510 and 234713730.
510
Calculate the highest common factor of 293056 and 77824.
1216
Calculate the greatest common factor of 560268414 and 6966.
6966
Calculate the highest common factor of 18995 and 237110.
655
Calculate the highest common factor of 11228126 and 24752.
3094
What is the greatest common divisor of 1284539 and 1032?
43
Calculate the greatest common factor of 4320 and 181812.
12
Calculate the greatest common divisor of 63 and 82262781.
9
Calculate the greatest common divisor of 70 and 114790795.
35
Calculate the greatest common factor of 3726180 and 186798.
978
Calculate the highest common factor of 2424322 and 1664578.
2638
What is the greatest common factor of 13068 and 1668832?
484
What is the highest common divisor of 378 and 6748110?
54
What is the highest common divisor of 1212 and 650376168?
1212
Calculate the highest common divisor of 92667850 and 5610.
1870
Calculate the greatest common divisor of 2000 and 428050.
50
Calculate the highest common divisor of 2919378 and 82786.
1562
What is the greatest common factor of 33 and 232904859?
33
Calculate the highest common factor of 20196 and 1478184.
204
What is the highest common divisor of 66000 and 109300?
100
Calculate the highest common divisor of 46 and 26547336.
46
What is the highest common factor of 14163 and 3714?
3
What is the greatest common divisor of 951 and 736725435?
951
Calculate the highest common factor of 8218 and 1300792.
1174
Calculate the greatest common divisor of 166198655 and 1505.
1505
Calculate the highest common factor of 124 and 971047348.
124
What is the greatest common factor of 791 and 24764628?
791
Calculate the greatest common factor of 4 and 64067648.
4
Calculate the greatest common divisor of 23953 and 3247.
17
What is the highest common divisor of 88459 and 917?
7
What is the greatest common factor of 101053 and 2224?
139
What is the greatest common divisor of 57439484 and 6008?
3004
What is the highest common divisor of 316608 and 1830584?
776
What is the greatest common factor of 417384 and 155754?
306
Calculate the greatest common divisor of 197301 and 6669.
39
What is the greatest common divisor of 802503 and 148941?
2223
Calculate the greatest common divisor of 4905 and 2382245685.
4905
Calculate the highest common divisor of 26487041 and 422.
211
What is the greatest common divisor of 28329 and 11263?
7
Calculate the highest common divisor of 9634134 and 888.
222
Calculate the greatest common factor of 485406 and 956268.
1818
Calculate the greatest common divisor of 75637517 and 127.
127
What is the highest common factor of 36330477 and 1455?
291
Calculate the greatest common factor of 6587199 and 72.
9
Calculate the greatest common divisor of 2 and 514001042.
2
What is the highest common divisor of 4476630 and 3145?
185
What is the highest common divisor of 27212886 and 8136?
2034
What is the greatest common divisor of 108 and 29671316?
4
Calculate the highest common divisor of 1632 and 1108485.
51
Calculate the highest common factor of 1401372 and 16.
4
Calculate the highest common divisor of 244530 and 16720.
2090
Calculate the highest common factor of 16805040 and 7.
7
What is the greatest common factor of 33774 and 5502564?
2598
What is the greatest common factor of 779 and 17461?
19
What is the highest common divisor of 188585444 and 129?
43
Calculate the greatest common factor of 126127 and 1.
1
What is the greatest common divisor of 471622802 and 3522?
1174
Calculate the greatest common factor of 122799375 and 4750.
2375
What is the highest common factor of 69 and 380590269?
69
Calculate the highest common factor of 13361787 and 5182.
2591
What is the highest common factor of 63644 and 51772?
28
What is the greatest common divisor of 232 and 16569382?
58
Calculate the highest common divisor of 2524 and 36628.
4
What is the highest common divisor of 52740485 and 665?
665
What is the highest common factor of 112128 and 554784?
96
What is the greatest common divisor of 3740854 and 130?
26
Calculate the highest common factor of 72 and 40247664.
24
Calculate the highest common factor of 72712243 and 47.
47
What is the highest common divisor of 1386807329 and 41?
41
Calculate the highest common divisor of 5070 and 12702040.
1690
What is the highest common divisor of 335 and 91837972?
67
What is the highest common factor of 7504 and 18186?
14
What is the greatest common factor of 14 and 11951387?
7
Calculate the highest common factor of 1957154720 and 40.
40
Calculate the greatest common factor of 9816 and 32841882.
2454
Calculate the greatest common factor of 1462160 and 87655.
1865
What is the highest common factor of 8055 and 765945?
45
What is the greatest common divisor of 126939 and 135660?
969
Calculate the highest common divisor of 478626 and 9930.
1986
Calculate the highest common divisor of 452884600 and 175.
175
What is the highest common factor of 8 and 136757944?
8
Calculate the greatest common divisor of 2091 and 9053292.
123
What is the greatest common factor of 14813173 and 23?
23
Calculate the greatest common divisor of 4336489 and 368.
23
Calculate the highest common factor of 3784 and 39313868.
1892
Calculate the greatest common factor of 8080 and 233265560.
4040
Calculate the greatest common factor of 708 and 3594432.
12
Calculate the highest common factor of 1049208 and 1476.
12
What is the greatest common divisor of 50490 and 132022?
374
What is the greatest common divisor of 2362624 and 236896?
352
Calculate the greatest common divisor of 186714206 and 294.
98
Calculate the highest common factor of 10820 and 6374603.
541
What is the greatest common divisor of 581323964 and 104?
52
What is the highest common factor of 16092544 and 3458?
494
What is the highest common factor of 373813072 and 37?
37
What is the highest common divisor of 496 and 22167312?
16
What is the highes